 is the highest common divisor of 216 and 2176?
8
Calculate the greatest common divisor of 192 and 3888.
48
Calculate the highest common factor of 1023 and 186.
93
What is the highest common factor of 25 and 10?
5
Calculate the greatest common factor of 19683 and 9.
9
What is the highest common factor of 180 and 9144?
36
What is the highest common divisor of 174 and 15?
3
Calculate the greatest common factor of 13 and 65.
13
Calculate the highest common factor of 65 and 24245.
65
Calculate the highest common factor of 175 and 28.
7
What is the greatest common factor of 120 and 80?
40
Calculate the highest common divisor of 10 and 190.
10
Calculate the highest common factor of 210 and 56.
14
What is the highest common factor of 36 and 765?
9
What is the highest common divisor of 10585 and 145?
145
What is the greatest common divisor of 2370 and 150?
30
Calculate the greatest common factor of 3320 and 30.
10
Calculate the highest common factor of 740 and 5328.
148
Calculate the highest common factor of 306 and 48.
6
What is the greatest common divisor of 640 and 50?
10
Calculate the greatest common factor of 49 and 7.
7
What is the greatest common factor of 12 and 184?
4
Calculate the greatest common factor of 385 and 70.
35
Calculate the highest common factor of 2538 and 188.
94
What is the greatest common divisor of 154 and 14?
14
Calculate the greatest common divisor of 78 and 1456.
26
What is the highest common factor of 7 and 12943?
7
Calculate the greatest common factor of 3716 and 8.
4
Calculate the highest common factor of 35 and 5705.
35
Calculate the highest common divisor of 1710 and 10.
10
Calculate the highest common divisor of 3762 and 1584.
198
What is the highest common factor of 1140 and 40?
20
Calculate the greatest common divisor of 8397 and 27.
27
Calculate the greatest common divisor of 182 and 1001.
91
What is the highest common factor of 14 and 2807?
7
What is the greatest common divisor of 48 and 8704?
16
What is the highest common divisor of 204 and 228?
12
What is the greatest common factor of 51 and 9?
3
What is the greatest common divisor of 65 and 39?
13
What is the highest common divisor of 252 and 140?
28
Calculate the highest common factor of 49 and 35.
7
What is the greatest common factor of 10 and 35?
5
Calculate the highest common factor of 154 and 385.
77
Calculate the highest common divisor of 5542 and 102.
34
Calculate the highest common divisor of 28 and 3412.
4
Calculate the greatest common divisor of 7202 and 26.
26
Calculate the highest common divisor of 21 and 69.
3
Calculate the highest common factor of 1035 and 23.
23
What is the highest common divisor of 1302 and 168?
42
What is the greatest common divisor of 12238 and 633?
211
Calculate the highest common divisor of 68 and 119.
17
What is the greatest common divisor of 16 and 2096?
16
What is the highest common factor of 2688 and 21?
21
What is the highest common factor of 630 and 560?
70
Calculate the greatest common divisor of 3 and 4041.
3
Calculate the greatest common divisor of 1485 and 27.
27
What is the highest common factor of 86 and 301?
43
Calculate the highest common factor of 66 and 30.
6
What is the greatest common factor of 30 and 160?
10
Calculate the greatest common factor of 400 and 10700.
100
Calculate the highest common divisor of 10 and 125.
5
What is the highest common divisor of 90 and 342?
18
Calculate the greatest common divisor of 1424 and 96.
16
Calculate the highest common divisor of 294 and 6.
6
What is the greatest common factor of 34 and 42806?
34
Calculate the greatest common divisor of 28 and 180.
4
Calculate the greatest common factor of 6006 and 176.
22
Calculate the highest common divisor of 945 and 35.
35
Calculate the highest common divisor of 1264 and 32.
16
Calculate the highest common divisor of 800 and 320.
160
What is the greatest common factor of 1992 and 48?
24
What is the highest common factor of 268 and 4154?
134
Calculate the highest common divisor of 66 and 154.
22
What is the greatest common factor of 81 and 1431?
27
Calculate the greatest common factor of 4342 and 26.
26
What is the greatest common factor of 41811 and 11?
11
Calculate the greatest common divisor of 2100 and 910.
70
Calculate the highest common factor of 84 and 1652.
28
What is the highest common divisor of 31904 and 32?
32
Calculate the greatest common factor of 447 and 1043.
149
Calculate the greatest common factor of 29 and 203.
29
Calculate the greatest common divisor of 451 and 22.
11
Calculate the highest common factor of 1 and 43.
1
Calculate the highest common factor of 1224 and 216.
72
Calculate the greatest common factor of 540 and 510.
30
Calculate the greatest common factor of 2559 and 3.
3
Calculate the greatest common factor of 27549 and 9.
9
Calculate the highest common factor of 18 and 819.
9
Calculate the greatest common divisor of 56 and 712.
8
Calculate the highest common factor of 99 and 176.
11
What is the highest common divisor of 45 and 1455?
15
What is the greatest common divisor of 4160 and 48?
16
What is the highest common divisor of 168 and 280?
56
Calculate the greatest common divisor of 166 and 913.
83
Calculate the greatest common divisor of 25 and 7.
1
Calculate the highest common divisor of 3 and 69.
3
Calculate the greatest common divisor of 336 and 1050.
42
What is the highest common factor of 38 and 9006?
38
What is the greatest common factor of 2169 and 54?
9
What is the highest common divisor of 222 and 4736?
74
Calculate the highest common factor of 52 and 4914.
26
What is the highest common factor of 112 and 427?
7
Calculate the greatest common divisor of 7 and 133.
7
What is the highest common factor of 88 and 21032?
88
Calculate the highest common divisor of 51 and 12.
3
Calculate the highest common divisor of 1286 and 4.
2
What is the greatest common factor of 156 and 11622?
78
Calculate the greatest common divisor of 100 and 350.
50
What is the highest common divisor of 8 and 13256?
8
What is the highest common factor of 160 and 2440?
40
Calculate the highest common divisor of 20 and 4230.
10
Calculate the highest common divisor of 40 and 680.
40
Calculate the greatest common divisor of 84 and 182.
14
What is the greatest common factor of 6 and 78?
6
What is the greatest common factor of 112 and 7336?
56
What is the greatest common factor of 17 and 2?
1
Calculate the greatest common factor of 2961 and 63.
63
Calculate the highest common factor of 4429 and 103.
103
What is the highest common divisor of 2200 and 175?
25
Calculate the highest common divisor of 26 and 3198.
26
What is the highest common divisor of 132 and 165?
33
Calculate the greatest common factor of 65664 and 171.
171
What is the highest common factor of 12 and 444?
12
Calculate the highest common divisor of 30 and 12.
6
Calculate the greatest common factor of 5 and 12.
1
What is the greatest common factor of 1964 and 4?
4
Calculate the highest common divisor of 108 and 8.
4
Calculate the highest common divisor of 506 and 92.
46
What is the highest common divisor of 84 and 732?
12
What is the greatest common divisor of 275 and 75?
25
What is the greatest common factor of 1204 and 196?
28
What is the highest common factor of 132 and 165?
33
What is the greatest common factor of 59 and 1888?
59
What is the greatest common divisor of 451 and 11?
11
Calculate the highest common divisor of 88 and 40.
8
Calculate the highest common divisor of 3614 and 52.
26
What is the greatest common factor of 117 and 91?
13
Calculate the highest common factor of 3411 and 27.
9
What is the highest common factor of 72 and 45?
9
What is the greatest common divisor of 1110 and 30?
30
Calculate the greatest common factor of 20 and 2700.
20
Calculate the greatest common factor of 366 and 1281.
183
What is the highest common divisor of 1218 and 1092?
42
Calculate the highest common factor of 108 and 360.
36
What is the greatest common divisor of 132 and 12?
12
What is the greatest common divisor of 38 and 323?
19
What is the highest common factor of 23 and 5888?
23
What is the greatest common divisor of 775 and 1225?
25
Calculate the greatest common factor of 432 and 918.
54
Calculate the greatest common divisor of 432 and 288.
144
Calculate the hi